3/3 - 3*m**2/2 + m + 9. Let w be l(2). Calculate o(w).
-1
Let v(z) be the third derivative of z**6/360 - z**5/60 - z**4/8 + z**3/3 - 3*z**2. Let i(d) be the first derivative of v(d). Determine i(4).
5
Let o(u) = u**2 + 0*u - 7*u + 14*u. Give o(-7).
0
Let k be ((-6)/4)/((-2)/12). Let z(b) = b**2 - 9*b + 10. Calculate z(k).
10
Let c(t) = -4*t**2 - 4*t + 9. Let f(v) = -3*v**2 - 3*v + 9. Let p be 44/(-10) - 2/(-5). Let m(w) = p*c(w) + 5*f(w). Give m(0).
9
Let i(c) = c - 1. Let x = -51 + 54. What is i(x)?
2
Let m be (2/(-2) - -2)*3. Let f(g) = -g**3 + 3*g**2 - g - 3. Calculate f(m).
-6
Let i(x) = 0 - 2*x**2 + 2911*x**3 - 2918*x**3 - x + 0. Suppose 0*k = -5*k - 5. Determine i(k).
6
Let o(j) = -j**3 + j**2 + j + 1. Let s(z) = z**3 - 17*z**2 - 19*z + 20. Let i be s(18). Give o(i).
-1
Let r(o) = 8*o - 5. Let s(w) = 17*w - 11. Let u(b) = -9*r(b) + 4*s(b). Give u(-4).
17
Suppose -5*m + 13 = -4*b, 0*m + 27 = 3*m + 4*b. Let n(c) = -7*c**2 + 9*c - 3. Let j(a) = -11*a**2 + 13*a - 4. Let x(o) = -5*j(o) + 8*n(o). Calculate x(m).
6
Suppose 32 = 3*r - 4*h, 8*r + 5*h = 3*r - 5. Let z(m) = m**2 + m - 2. Let a(i) = i**2 - 2. Let p(j) = r*a(j) - 3*z(j). Calculate p(3).
-2
Suppose 0 = -3*p - x + 12, 9*p - 4*x - 37 = 4*p. Suppose p*i - 2*k + 5*k = 12, k - 11 = -4*i. Let y(m) = 2*m**i + m + 4*m**3 - 7*m**3 + 9. Calculate y(0).
9
Let w = -2/21 + 3/7. Let x(a) be the first derivative of -w*a**3 - a - 3 + 3*a**2. Determine x(6).
-1
Let i(y) = 2*y**3 + y**2. Let l be i(1). Let u be (-1)/((1/l)/(-1)). Let z(h) be the second derivative of -h**3/6 - h**2 + h. Calculate z(u).
-5
Suppose 5*c - c - 14 = 3*f, -2*c = 4*f - 18. Let s(n) = -n**2 + 7*n + 3. Determine s(c).
13
Let r(a) = 2*a - 3. Let q(d) = -2*d + 5. Let s(y) = -2*q(y) - 3*r(y). Give s(4).
-9
Suppose 0 = 5*k - l + 19 + 20, 0 = -3*l + 12. Let b(h) = -h**2 - 6*h - 1. What is b(k)?
-8
Let k(g) = 4*g**3 - 5*g**3 + 2*g**2 - 6*g - 8*g**2 - 4. Let m = 172 + -177. Calculate k(m).
1
Let w(b) = 10*b - 3 - b**3 - 11*b - 3*b**2 + 5. Suppose -3 = -z - 5. Calculate w(z).
0
Let i(b) be the second derivative of -b**4/12 - 5*b**3/3 - 3*b**2 - 3*b. Give i(-8).
10
Let n(u) be the first derivative of u**4/4 + u**3/3 - u**2/2 - 30. Calculate n(-2).
-2
Let y(u) = u**2 + 4*u - 8. Suppose 3*k = k + 4, 2*o = 5*k - 22. Calculate y(o).
4
Let w(q) be the second derivative of -q**4/6 - 2*q**3/3 - q**2 + 8*q. Determine w(-3).
-8
Let s(h) = 2 - 1 + 2*h - h**3 - 5*h - 6*h**2 + 1. Let o(d) = -5*d**2 - d + 1. Let v be o(1). What is s(v)?
-8
Let f(y) = -y**2 - y. Let r be f(1). Let p(d) = 3*d**2 + 2*d + 5 + 3 + d**3 - 5. Determine p(r).
3
Let d(s) be the first derivative of -3*s**2/2 - s - 1. Let q(f) = -2*f - 1. Let x(w) = -3*d(w) + 5*q(w). Calculate x(-4).
2
Let z(a) = -4*a**2 + 27*a + 7. Let n be z(7). Let q(b) be the second derivative of -b**4/12 + b**2 + 2*b. Give q(n).
2
Let h(c) = -c**3 + 2*c**2 + 6*c - 6. Let y(q) = q**2 - q. Let m(n) = -h(n) - 4*y(n). Calculate m(6).
-6
Let k(o) = 6 + 4*o - 4 + 3*o. Let s(r) = -3*r - 1. Let f(y) = 2*k(y) + 5*s(y). Suppose -4*t + 3 = -9, -t - 17 = -5*b. Determine f(b).
-5
Let o(s) = s + 5. Let n be o(-3). Let u(p) = p**3 - 3*p**2 + p + 2. Determine u(n).
0
Suppose 3*g + 8 = 17. Let c(d) = d - 21 + 22 - 2*d + 0*d. What is c(g)?
-2
Let x(o) = 5*o**3 - o**2 - o + 1. Let k be x(1). Let p(h) = -9*h + 5. Let s(c) = -5*c + 3. Let u(d) = 6*p(d) - 11*s(d). Give u(k).
1
Let j(p) = p**2 + 3*p - 5. Let u(f) = 2*f**2 + 7*f - 11. Let o(l) = -5*j(l) + 2*u(l). Give o(0).
3
Let x = -11 - -16. Let b be (-32)/40 + 19/x. Let n(i) = i**2 - 2*i + 2. Determine n(b).
5
Let d(s) be the first derivative of s**4/4 + s**3 + s**2 + 2*s + 5. Let m be d(-2). Let r(x) = 3*x**2 + 2*x - 3. What is r(m)?
13
Suppose -12 = -5*b + b. Let g(h) be the third derivative of 0 - h**2 + 1/6*h**b + 0*h - 1/8*h**4. Give g(-2).
7
Let k(f) = -f - 5. Let x be k(-5). Let m be x - (-1 + 1 + 1). Let c(d) = 2*d**3 + 2*d + 1. What is c(m)?
-3
Let o(f) be the first derivative of 2*f + 1/3*f**3 - 1 - 2*f**2. Suppose 6 = -b + 4*b. What is o(b)?
-2
Let h(t) = 4 + 0 + 230*t - 231*t. Give h(3).
1
Let c(t) = -t**3 + 4*t**2 - 3*t. Let b be 15/2 + (-2)/(-4). Let u = -4 + b. Give c(u).
-12
Let d = 15 - 1. Let h(m) = d*m**2 - 24*m**2 - 2 - 5*m + 9*m**2. What is h(-4)?
2
Let s(m) = 0*m**3 - 2*m**3 + 2*m + m**3 + 3*m**2 - 3 + 5. Let j be (-4)/6 + (-52)/(-6). Suppose 0 = -2*k - 0*k + j. Calculate s(k).
-6
Let m(d) be the second derivative of -d**3/3 - 2*d**2 + d. Let o(w) be the second derivative of w**5/20 - 3*w**4/2 - 2*w**2 + 7*w. Let t be o(18). What is m(t)?
4
Let v(i) = i**3 - 3*i**2 - 6*i + 4. Suppose -7*o + 0 = -28. Calculate v(o).
-4
Let w(j) be the third derivative of 1/8*j**4 + 5/6*j**3 + 0 - 1/120*j**6 + j**2 + 1/15*j**5 + 0*j. Calculate w(5).
-5
Suppose -3*k = -3*x - 9, 4*k = -0*x + 5*x + 11. Let s(c) = -c**2 - 12*c + 0 + 5*c - k. What is s(-5)?
6
Suppose 4*u = 5*c - 45, 3*c - 30 = -u + 4*u. Let t(x) = x**2 - 5*x + 6. Give t(c).
6
Suppose -7*p - 3 = -10. Let i(x) = x**3 - 2*x**2. What is i(p)?
-1
Let p be (-2)/(-3)*(-9)/(-6). Let v(u) = -u**3 - 2*u + 1. What is v(p)?
-2
Let x(n) = -n**2 + 5*n + 1. Suppose 0 = 21*p - 20*p - 5. Give x(p).
1
Suppose 5*c + 0*v + 23 = -2*v, -5*v - 20 = 5*c. Suppose -y = y - 20. Let i(r) = 3*r**2 - 2*r**2 + y*r - 5*r + 6. Determine i(c).
6
Let u(b) = b**2 + 9*b + 7. Suppose 4*z = -12, -2*x + z = -2*z - 13. Suppose 12 = x*r - 4*r. Determine u(r).
-11
Let k(z) be the second derivative of -z**4/12 + 9*z**2/2 + 27*z. What is k(0)?
9
Let b be 52/16 - 2/8. Let r(i) = 3*i + 5 + b*i**2 - 3*i**3 + 2*i**3 + 2*i**2 + 2*i**3. Determine r(-4).
9
Let j(g) = -g**3 + 4*g**2 - 1. Let w(y) = y**3 - 2*y**2 - y + 3. Let a be w(3). Suppose -3*f + a = -3. What is j(f)?
-1
Suppose 6*t - t - 15 = 0. Let a(z) = -z**t - 1 + 2 - 4*z - 5*z**2 + 2. Determine a(-4).
3
Let j(r) = -2*r + 1. Let v = -9 - -9. Suppose 3*z + 8 - 2 = v. Calculate j(z).
5
Let f(d) = -d**3 + 11. Suppose 0 = -b + 5. Suppose y = m, -b*m + 2*m = y. Calculate f(y).
11
Let j(w) be the first derivative of 2*w + 1/4*w**4 - 3 + 4/3*w**3 + 3/2*w**2. Suppose 3*c + 3 = 2*c. Give j(c).
2
Let q(v) = -v**3 - v**2 - v + 1. Let h(b) = 5*b**3 + 9*b**2 + 4*b - 2. Let k(w) = h(w) + 4*q(w). Let t = 0 + 3. Let c = t - 8. Calculate k(c).
2
Let w = 15 - 19. Let l(g) = 2*g**2 - 3*g + 7*g + 2*g. Calculate l(w).
8
Let k(w) be the second derivative of w**3/6 + 2*w**2 - 11*w. What is k(-6)?
-2
Let f(k) = -2*k**3 - 2*k**2 + 2*k + 2. Suppose 3*l = 6*l - 12. Suppose -d = 4*z + 4*d + 18, -l*d - 8 = 0. Calculate f(z).
6
Let h(n) = -n**2 - 9*n - 7. Let g be h(-8). Let u(p) = p**3 + 9*p**2 + 9*p + 10. Let r be u(-8). Let f(m) = m - m - r*m. Give f(g).
-2
Suppose -5*y + r + 26 = 4*r, 2*r - 4 = 0. Let w(j) be the third derivative of j**5/30 - j**4/4 + j**3 - 2*j**2 - 9. What is w(y)?
14
Let l = 4 + 0. Let p(c) = -5 - 3*c - 2*c**2 + 8*c - 3*c**2 + c**3. What is p(l)?
-1
Let x(t) = -t + 3. Suppose u + 12 = 4*r - u, 4*r + 2*u - 20 = 0. Let s be x(r). Let y(h) = -8*h**2 - 5*h**2 + 12*h**2 - h. What is y(s)?
0
Let i(o) = -o - 3. Let x be i(-7). Suppose 5*d - 11 - x = 0. Let f(t) = -2*t**d - 2*t - 4*t**2 - t + t**3. Give f(-3).
0
Let w(g) = -g**3 + 2*g**2 + 2*g + 2. Let j be w(3). Let t(k) = -20*k - 1. Give t(j).
19
Let c(z) be the third derivative of -z**5/60 - z**4/6 + 8*z**2. Give c(-4).
0
Let m(q) = 0*q**2 + 0*q + 3*q - 2*q + 3*q**2. Give m(1).
4
Let a(g) = g**2 - 6*g + 2. Let k(z) = -z**2 - z. Let c(h) = -a(h) + 2*k(h). Calculate c(2).
-6
Let f(c) = 3*c**3 - c**2 - 4*c - 6. Let u(t) = -6*t**3 + t**2 + 7*t + 11. Let h(x) = 7*f(x) + 4*u(x). Calculate h(-2).
14
Let l(z) = z**2 + 4*z - 6. Let w be ((-45)/(-9))/(-1*1). Determine l(w).
-1
Let g(v) be the second derivative of 2*v + 1/2*v**4 - 1/3*v**3 + 9/2*v**2 - 1/20*v**5 + 0. Suppose 5*d - 1 = -y, -2*y - 5*d + 6 = -1. Calculate g(y).
-3
Let i(c) be the third derivative of -c**6/240 - c**5/120 - c**4/8 + 3*c**2. Let w(z) be the second derivative of i(z). Give w(4).
-13
Let i(r) = -14*r. Let s(u) = u**3 - 8*u**2 - 11*u + 19. Let z be s(9). Calculate i(z).
-14
Let g(u) be the first derivative of 2*u**3/3 - u**2/2 - 2*u + 3. Determine g(2).
4
Let o(y) = -y**3 - 5*y**2 - 3*y - 1. Let z be ((-16)/6)/(4/6). Determine o(z).
-5
Suppose 0 = -3*v + 2*t + t + 15, 4*v = t + 5. Suppose n + v =